the remainder when 215 is divided by 71?
2
What is the remainder when 29 is divided by 18?
11
What is the remainder when 467 is divided by 119?
110
Calculate the remainder when 4170 is divided by 87.
81
What is the remainder when 28 is divided by 5?
3
Calculate the remainder when 71 is divided by 16.
7
What is the remainder when 368 is divided by 177?
14
What is the remainder when 137 is divided by 128?
9
What is the remainder when 93 is divided by 12?
9
Calculate the remainder when 434 is divided by 252.
182
Calculate the remainder when 223 is divided by 2.
1
Calculate the remainder when 358 is divided by 92.
82
What is the remainder when 881 is divided by 21?
20
What is the remainder when 255 is divided by 80?
15
Calculate the remainder when 2957 is divided by 16.
13
What is the remainder when 184 is divided by 21?
16
Calculate the remainder when 1274 is divided by 388.
110
Calculate the remainder when 175 is divided by 33.
10
What is the remainder when 2038 is divided by 120?
118
What is the remainder when 472 is divided by 155?
7
Calculate the remainder when 15 is divided by 7.
1
Calculate the remainder when 57 is divided by 42.
15
Calculate the remainder when 1382 is divided by 687.
8
Calculate the remainder when 9338 is divided by 54.
50
What is the remainder when 2609 is divided by 29?
28
What is the remainder when 180 is divided by 23?
19
What is the remainder when 1062 is divided by 17?
8
Calculate the remainder when 11051 is divided by 23.
11
What is the remainder when 1540 is divided by 311?
296
Calculate the remainder when 217 is divided by 93.
31
Calculate the remainder when 943 is divided by 116.
15
Calculate the remainder when 967 is divided by 97.
94
What is the remainder when 682 is divided by 5?
2
What is the remainder when 58 is divided by 19?
1
Calculate the remainder when 555 is divided by 75.
30
Calculate the remainder when 1103 is divided by 26.
11
What is the remainder when 5277 is divided by 48?
45
What is the remainder when 665 is divided by 3?
2
Calculate the remainder when 19 is divided by 18.
1
What is the remainder when 286 is divided by 18?
16
What is the remainder when 44 is divided by 23?
21
What is the remainder when 365 is divided by 354?
11
Calculate the remainder when 185 is divided by 51.
32
What is the remainder when 102 is divided by 88?
14
What is the remainder when 84 is divided by 45?
39
Calculate the remainder when 125 is divided by 42.
41
What is the remainder when 1362 is divided by 55?
42
Calculate the remainder when 14780 is divided by 88.
84
Calculate the remainder when 59 is divided by 37.
22
Calculate the remainder when 148 is divided by 48.
4
Calculate the remainder when 66 is divided by 17.
15
Calculate the remainder when 1432 is divided by 90.
82
Calculate the remainder when 236 is divided by 55.
16
Calculate the remainder when 513 is divided by 26.
19
Calculate the remainder when 1579 is divided by 93.
91
Calculate the remainder when 466 is divided by 52.
50
Calculate the remainder when 94 is divided by 72.
22
What is the remainder when 1448 is divided by 283?
33
Calculate the remainder when 689 is divided by 220.
29
What is the remainder when 14047 is divided by 21?
19
Calculate the remainder when 1100 is divided by 138.
134
What is the remainder when 261 is divided by 42?
9
Calculate the remainder when 34 is divided by 7.
6
What is the remainder when 259 is divided by 87?
85
Calculate the remainder when 1920 is divided by 18.
12
Calculate the remainder when 603 is divided by 101.
98
Calculate the remainder when 15 is divided by 12.
3
Calculate the remainder when 419 is divided by 185.
49
Calculate the remainder when 109 is divided by 32.
13
What is the remainder when 559 is divided by 151?
106
What is the remainder when 1054 is divided by 48?
46
What is the remainder when 1169 is divided by 117?
116
What is the remainder when 833 is divided by 101?
25
Calculate the remainder when 226 is divided by 33.
28
What is the remainder when 3584 is divided by 17?
14
Calculate the remainder when 89 is divided by 12.
5
What is the remainder when 236 is divided by 24?
20
Calculate the remainder when 107 is divided by 33.
8
What is the remainder when 365 is divided by 313?
52
Calculate the remainder when 29 is divided by 23.
6
What is the remainder when 25 is divided by 19?
6
Calculate the remainder when 328 is divided by 6.
4
Calculate the remainder when 244 is divided by 154.
90
Calculate the remainder when 136 is divided by 126.
10
Calculate the remainder when 1438 is divided by 131.
128
What is the remainder when 4414 is divided by 735?
4
What is the remainder when 200 is divided by 53?
41
Calculate the remainder when 237 is divided by 65.
42
What is the remainder when 91 is divided by 33?
25
Calculate the remainder when 634 is divided by 256.
122
What is the remainder when 3430 is divided by 88?
86
Calculate the remainder when 309 is divided by 21.
15
What is the remainder when 203 is divided by 98?
7
Calculate the remainder when 1306 is divided by 33.
19
What is the remainder when 116 is divided by 70?
46
What is the remainder when 941 is divided by 73?
65
Calculate the remainder when 75 is divided by 32.
11
Calculate the remainder when 69 is divided by 46.
23
What is the remainder when 143 is divided by 37?
32
Calculate the remainder when 61 is divided by 22.
17
What is the remainder when 543 is divided by 277?
266
What is the remainder when 39 is divided by 29?
10
Calculate the remainder when 444 is divided by 89.
88
What is the remainder when 7833 is divided by 103?
5
Calculate the remainder when 29 is divided by 6.
5
Calculate the remainder when 15 is divided by 15.
0
Calculate the remainder when 1074 is divided by 27.
21
Calculate the remainder when 142 is divided by 136.
6
Calculate the remainder when 8917 is divided by 51.
43
Calculate the remainder when 244 is divided by 31.
27
Calculate the remainder when 542 is divided by 8.
6
What is the remainder when 184 is divided by 35?
9
What is the remainder when 116 is divided by 70?
46
Calculate the remainder when 940 is divided by 918.
22
What is the remainder when 3674 is divided by 147?
146
What is the remainder when 673 is divided by 17?
10
Calculate the remainder when 752 is divided by 214.
110
Calculate the remainder when 635 is divided by 367.
268
What is the remainder when 95 is divided by 27?
14
What is the remainder when 368 is divided by 186?
182
Calculate the remainder when 401 is divided by 38.
21
Calculate the remainder when 5925 is divided by 19.
16
Calculate the remainder when 830 is divided by 104.
102
Calculate the remainder when 179 is divided by 12.
11
What is the remainder when 446 is divided by 6?
2
Calculate the remainder when 449 is divided by 36.
17
What is the remainder when 454 is divided by 41?
3
What is the remainder when 133 is divided by 17?
14
What is the remainder when 162 is divided by 77?
8
What is the remainder when 248 is divided by 71?
35
Calculate the remainder when 71 is divided by 9.
8
What is the remainder when 1967 is divided by 60?
47
Calculate the remainder when 245 is divided by 62.
59
What is the remainder when 966 is divided by 246?
228
Calculate the remainder when 57 is divided by 25.
7
Calculate the remainder when 5847 is divided by 69.
51
What is the remainder when 9020 is divided by 97?
96
What is the remainder when 13205 is divided by 26?
23
What is the remainder when 342 is divided by 49?
48
Calculate the remainder when 670 is divided by 204.
58
What is the remainder when 210 is divided by 74?
62
What is the remainder when 219 is divided by 16?
11
Calculate the remainder when 1981 is divided by 62.
59
What is the remainder when 79 is divided by 17?
11
What is the remainder when 448 is divided by 6?
4
Calculate the remainder when 262 is divided by 4.
2
What is the remainder when 5047 is divided by 153?
151
What is the remainder when 79 is divided by 10?
9
Calculate the remainder when 3408 is divided by 110.
108
What is the remainder when 246 is divided by 50?
46
Calculate the remainder when 449 is divided by 10.
9
Calculate the remainder when 687 is divided by 142.
119
What is the remainder when 325 is divided by 180?
145
What is the remainder when 390 is divided by 18?
12
What is the r